 to base 6.
302
What is -1010110000111 (base 2) in base 10?
-5511
What is -124024 (base 9) in base 3?
-10211000211
Convert 1118 (base 9) to base 16.
33b
Convert -12332 (base 4) to base 14.
-23c
Convert -3e8 (base 16) to base 15.
-46a
Convert 3613 (base 11) to base 10.
4733
-3412 (base 6) to base 2
-1100100000
101011110 (base 2) to base 9
428
1380a (base 16) to base 15
18a07
What is 17337 (base 9) in base 6?
131141
What is -32354 (base 6) in base 12?
-26ba
14831 (base 9) to base 7
41413
Convert -225110 (base 6) to base 13.
-8a00
-10000010101000 (base 2) to base 11
-6310
Convert 8716 (base 9) to base 6.
45410
Convert 4342 (base 16) to base 9.
25551
What is 10122 (base 5) in base 7?
1634
Convert 100ab (base 15) to base 12.
25482
Convert -8806 (base 9) to base 10.
-6486
762 (base 14) to base 2
10110110010
Convert -2155 (base 8) to base 15.
-508
What is -352 (base 14) in base 10?
-660
What is 7676 (base 8) in base 14?
167c
What is -189 (base 15) in base 5?
-2404
-263 (base 13) to base 15
-1ce
-121110 (base 3) to base 16
-1bc
What is -2130410 (base 5) in base 9?
-54774
2522 (base 12) to base 15
13a2
5a8 (base 11) to base 9
883
What is 21021 (base 4) in base 13?
360
Convert -59 (base 11) to base 7.
-121
What is -4dd7 (base 15) in base 3?
-211210211
295 (base 13) to base 3
122001
23243 (base 5) to base 12
b96
What is -11212 (base 4) in base 3?
-111021
-14c6 (base 15) to base 13
-2052
What is -180 (base 10) in base 2?
-10110100
Convert -110111001 (base 2) to base 13.
-27c
-1183 (base 11) to base 13
-919
What is 14c9 (base 13) in base 5?
44123
What is 611 (base 8) in base 4?
12021
What is 355 (base 12) in base 2?
111110001
What is -334 (base 5) in base 4?
-1132
What is -2a69 (base 12) in base 3?
-20211100
What is 213 (base 9) in base 7?
336
What is -ab22 (base 16) in base 6?
-534454
1e90 (base 16) to base 14
2bcc
210111220 (base 3) to base 9
23456
Convert 20233 (base 4) to base 14.
2bd
-11121 (base 5) to base 7
-2202
Convert -2212221 (base 3) to base 12.
-1274
-101000001111 (base 2) to base 12
-15a7
What is 23232 (base 4) in base 6?
3250
What is -8 (base 13) in base 6?
-12
3a58 (base 12) to base 14
2620
Convert 211002 (base 3) to base 9.
732
What is -1010010110 (base 2) in base 15?
-2e2
What is 143 (base 13) in base 7?
440
What is 544003 (base 6) in base 11?
30837
-4323 (base 11) to base 12
-3380
Convert -18b (base 15) to base 11.
-2a4
-43352 (base 6) to base 10
-5972
Convert b28 (base 16) to base 7.
11220
54 (base 8) to base 4
230
a5 (base 13) to base 3
12000
Convert -110104 (base 5) to base 6.
-25255
Convert -1202021212 (base 3) to base 4.
-20122223
Convert 54574 (base 9) to base 11.
25213
Convert -35129 (base 10) to base 12.
-183b5
Convert -184 (base 11) to base 2.
-11010101
-324300 (base 5) to base 10
-11200
What is 24a69 (base 11) in base 2?
1000110000110011
33393 (base 10) to base 5
2032033
10541 (base 6) to base 8
2735
Convert 1100010001010000 (base 2) to base 6.
1024400
1103123 (base 4) to base 12
310b
Convert 144332 (base 5) to base 3.
22112021
What is 264 (base 16) in base 3?
211200
What is 1245 (base 7) in base 11?
3a1
What is 2112211 (base 3) in base 12?
10aa
4313 (base 6) to base 16
3d5
Convert 10111000010000 (base 2) to base 6.
130332
444 (base 6) to base 14
c4
Convert -1111011010 (base 2) to base 5.
-12421
Convert 2ea (base 16) to base 7.
2114
Convert c29 (base 15) to base 11.
2070
1321 (base 7) to base 15
23a
1363 (base 9) to base 11
856
Convert -1001101111 (base 2) to base 4.
-21233
What is -212121 (base 3) in base 6?
-2541
What is -1024 (base 7) in base 10?
-361
Convert -11a52 (base 15) to base 7.
-323135
Convert 13022 (base 5) to base 14.
524
What is 2121001 (base 3) in base 5?
30031
Convert -322 (base 12) to base 3.
-121222
-7350 (base 9) to base 2
-1010100001111
What is -4234 (base 15) in base 6?
-144451
What is -1310131 (base 5) in base 2?
-110010001000010
Convert -23224 (base 8) to base 6.
-113420
What is -50d (base 15) in base 13?
-697
Convert 14067 (base 8) to base 16.
1837
What is -41080 (base 9) in base 13?
-c405
-1356 (base 8) to base 2
-1011101110
549 (base 10) to base 5
4144
Convert 4 (base 7) to base 2.
100
Convert -9a81 (base 11) to base 6.
-141250
Convert 62a3 (base 16) to base 8.
61243
-344 (base 6) to base 2
-10001000
Convert b74c (base 16) to base 8.
133514
31350 (base 6) to base 10
4242
What is -1001100 (base 3) in base 13?
-46b
76a0 (base 13) to base 3
211122222
-338 (base 15) to base 3
-222222
-2e07 (base 15) to base 2
-10011010110011
Convert 2214 (base 6) to base 4.
20002
447 (base 13) to base 10
735
Convert 3020 (base 6) to base 3.
220110
2556 (base 7) to base 13
59a
100010010101011 (base 2) to base 16
44ab
-4a3 (base 11) to base 3
-211010
Convert -9b8 (base 12) to base 10.
-1436
Convert a6 (base 12) to base 11.
105
10110001001000 (base 2) to base 5
330321
Convert 22120012 (base 3) to base 12.
3742
Convert e773 (base 15) to base 11.
33845
What is ac (base 14) in base 8?
230
Convert 142010 (base 5) to base 14.
2200
What is 200201 (base 3) in base 10?
505
Convert -865 (base 16) to base 7.
-6160
What is 445 (base 10) in base 4?
12331
What is 706 (base 10) in base 6?
3134
1010011001 (base 2) to base 13
3c2
Convert 1113 (base 16) to base 14.
1843
-20340 (base 5) to base 14
-6c1
What is -246 (base 12) in base 4?
-11112
-11121 (base 3) to base 2
-1111100
Convert -177 (base 16) to base 12.
-273
What is -631 (base 16) in base 13?
-94c
What is -322151 (base 6) in base 8?
-63463
ba85 (base 13) to base 12
1303a
Convert 2032331 (base 4) to base 9.
13485
What is -226350 (base 7) in base 9?
-61683
-3183 (base 11) to base 2
-1000001101101
What is 8bd1 (base 14) in base 7?
130551
Convert 2763 (base 8) to base 15.
6b8
Convert -3033 (base 6) to base 7.
-1644
186 (base 15) to base 12
253
Convert -101010001101 (base 2) to base 14.
-dad
What is fad (base 16) in base 14?
1669
194 (base 11) to base 3
22022
What is -1292 (base 13) in base 15?
-bbe
What is 800 (base 12) in base 16?
480
Convert -1252 (base 16) to base 2.
-1001001010010
1300010 (base 4) to base 11
5430
Convert 2732 (base 8) to base 2.
10111011010
Convert -171 (base 10) to base 13.
-102
18566 (base 9) to base 16
323a
Convert -120112 (base 3) to base 8.
-643
-732 (base 8) to base 10
-474
What is 24b3 (base 13) in base 5?
131331
Convert -474 (base 15) to base 9.
-1341
Convert 170 (base 16) to base 6.
1412
Convert -513 (base 16) to base 12.
-903
Convert -1001211 (base 3) to base 4.
-30022
Convert 410 (base 8) to base 10.
264
-13402 (base 7) to base 16
-e2c
afd6 (base 16) to base 9
67665
What is -677 (base 13) in base 12?
-788
What is 150 (base 16) in base 12?
240
What is -344 (base 13) in base 11?
-472
What is 250400 (base 7) in base 2?
1011001011110111
Convert -112012 (base 3) to base 15.
-1a8
203a2 (base 12) to base 10
42026
What is 9fc (base 16) in base 2?
100111111100
What is -1101111110 (base 2) in base 14?
-47c
Convert 34240 (base 8) to base 15.
4466
What is -71e (base 15) in base 7?
-4451
Convert 345 (base 6) to base 10.
137
Convert 2100 (base 4) to base 6.
400
-1843 (base 13) to base 11
-2787
Convert -167 (base 13) to base 10.
-254
What is -14226 (base 8) in base 13?
-2b32
Convert -101000100100 (base 2) to base 12.
-1604
What is 326 (base 9) in base 10?
267
-140040 (base 6) to base 4
-3022320
Convert -3500 (base 10) to base 5.
-103000
495c (base 14) to base 6
135210
Convert -1010000100011111 (base 2) to base 16.
-a11f
10202111 (base 3) to base 11
2071
What is 18738 (base 11) in base 12?
13195
What is 781 (base 16) in base 5?
30141
What is -20232 (base 4) in base 12?
-3a6
Convert -183 (base 9) to base 14.
-b2
What is -8ac (base 13) in base 3?
-2001100
What is -23748 (base 10) in base 2?
-101110011000100
What is 5140 (base 7) in base 14?
920
Convert -15517 (base 10) to base 4.
-3302131
What is -3936 (base 11) in base 2?
-1010000000001
Convert -12bbc (base 14) to base 6.
-554002
1648 (base 13) to base 9
4434
-1aed (base 16) to base 10
-6893
What is b23 (base 12) in base 14?
831
What is 175a (base 11) in base 6?
14215
What is 153 (base 16) in base 15?
179
What is 1011000111111011 (base 2) in base 3?
2022111112
-111110110001 (base 2) to base 15
-12cc
-4412 (base 5) to base 3
-211111
Convert -34 (base 13) to base 2.
-101011
Convert -1722 (base 14) to base 10.
-4146
Conve